**2/2 + 4*g. Let x(h) be the first derivative of s(h). Calculate x(4).
-1
Let h = -28 + 31. Suppose 0 = -h*i + i. Let v(m) = -m**3 + m**2 + m + 5. Calculate v(i).
5
Let r(u) = 2*u. Let c(t) = t + 1. Let g(v) = 5*c(v) - 4*r(v). Calculate g(6).
-13
Let a be (2/4)/(6/12). Let n be (-2 - (-1 + 0))/a. Let f(r) = -14*r**2 + 7*r + 7. Let m(o) = -7*o**2 + 4*o + 4. Let u(v) = -3*f(v) + 5*m(v). Calculate u(n).
7
Let q(w) be the second derivative of -w**4/12 - w**3/2 + w**2 - 2*w. Suppose -a = 3*a. Suppose 0 = 4*l - a*l + 4*o + 8, 2*o - 26 = 4*l. Calculate q(l).
-8
Let g(q) = 9 - 17 + 9 + q - q**3. Let r = 0 - 2. Determine g(r).
7
Let m be 3/(6/4)*10/(-20). Let c(q) = 12*q**3 - q**2 - q - 1. Determine c(m).
-13
Let d(j) = -7*j - 1. Let w(c) = -c. Let q(b) = d(b) - 6*w(b). Determine q(-3).
2
Let o(s) = s**3 + 6*s**2 - 3*s - 9. Let w(x) = -3*x. Let r be w(2). Give o(r).
9
Let t(q) = -q**2 - q. Suppose -2*m + 5*m - 9 = 0. Suppose -4*v + m*w - 8 = -3*v, -v + 2*w - 5 = 0. Give t(v).
-2
Let d(p) = 3*p**2 + 8*p - 5. Let h(o) = -4*o**2 - 9*o + 6. Let g(n) = -3*d(n) - 2*h(n). Calculate g(-7).
-4
Let x(v) = 2*v - 1. Suppose 0 = 3*r - 2*s + 4, -5*s - 3 = -3*r + 2*r. Let c be x(r). Let q(m) = m**2 + 5*m + 7. Calculate q(c).
7
Suppose 0*s = -2*s + 10. Let y(h) = -h + h - h + s. Give y(6).
-1
Let p(d) = -d**2 + 3*d - 1. Let f = -22 + 24. Give p(f).
1
Let v(j) = -2*j**2 + 2*j - 1. Let b(m) = m**2 - 5*m - 3*m**2 + m**2 + 8. Suppose 37 = -2*d + 25. Let l be b(d). Calculate v(l).
-5
Let p be (-6)/(-1 + 0)*-1. Let z(v) be the second derivative of v**3/6 + 5*v**2/2 + 2*v. Give z(p).
-1
Suppose 2*t + 2 + 4 = 0. Suppose -s = 3*s - 4. Let y(k) = 4 - s - 4*k + 2*k - k**3 - 3*k**2. What is y(t)?
9
Let s(w) = -w**2 - 6*w - 2. Suppose 0 = -5*d + 2*k - 14 + 1, -2*d - 3 = -3*k. Calculate s(d).
7
Let t(y) = y**2 - 4*y - 6. Let u = -2 - -2. Suppose s + 0 - 5 = u. Suppose s + 10 = 3*a + 2*q, -2*a + 4*q = -10. Determine t(a).
-1
Let z(o) be the third derivative of 7*o**4/12 + o**3/6 + 27*o**2. Give z(-1).
-13
Let f(g) = g**2 - g - 5. Suppose 4*a + 11 = 9*a - 2*n, 2*n = -6. Let w(s) = 3*s**3 + 2*s**2 - 2*s + 1. Let x be w(a). What is f(x)?
7
Let b(t) = -4*t - 7*t + 6*t + 2*t + 2. What is b(-4)?
14
Let g = -9 + 8. Let o be (g - -2)*(1 + 1). Let v(f) = f**3 + f**2. Calculate v(o).
12
Let h(x) = 2*x - 1 + 3*x**3 - 2*x**3 + 2. Let i be (15/60)/((-1)/(5 + -1)). Give h(i).
-2
Let u(v) = 3*v**2 - 1. Let h = 8 - 6. Suppose -3*k + 2*j - h = -1, 4*j + 1 = 3*k. Let y be u(k). Let x(q) = -q**3 + 2*q. Calculate x(y).
-4
Let b(r) = r**3 + 7*r**2 - 2*r - 8. Let p(o) = 5*o + 28. Let x be p(-7). What is b(x)?
6
Let h(q) = -1. Let j(s) = -5*s + 9. Let c(d) = -6*h(d) - j(d). What is c(2)?
7
Let z(b) = 6*b**2 - b. Suppose 2*o - 4 = 0, 3*o = -4*j - 2*o + 6. Give z(j).
7
Let o(j) be the first derivative of -2*j**5/15 + j**4/12 - j**3/6 - j**2/2 - 1. Let b(n) be the second derivative of o(n). Let s be 2/7 - (-10)/14. Give b(s).
-7
Let z(m) = 64 + 29*m + 61 - 124. What is z(-1)?
-28
Let u(m) be the first derivative of -m**2/2 + 22. Calculate u(-9).
9
Suppose -x = -o - 2, -2*o + 2 = -4*o + x. Let f(q) be the first derivative of -q**2/2 - 4*q - 6. Calculate f(o).
-4
Let z = 0 + 2. Let v be z + 1 + -1 + -1. Let q(g) = g + 2 - 5 + v. Calculate q(-2).
-4
Let i(x) = 3*x - 1. Let s be i(2). Let b(q) = q**2 - 7*q - 3. Give b(s).
-13
Suppose 2*y = -p + 8, p + p = y - 4. Suppose o = -p*o. Let k(c) = c**2 - 5. What is k(o)?
-5
Suppose 0 = -5*s - 8 - 27. Let j(n) = -n**3 - 8*n**2 - 5*n - 3. What is j(s)?
-17
Suppose -5 = 3*a - a - w, 20 = a - 5*w. Let y = a + 0. Let t(l) = -5*l + l**3 + 339*l**2 + 3 - 2*l**3 - 345*l**2. Determine t(y).
3
Let t(p) = -3*p - 3651 + 4*p + 3652. Calculate t(7).
8
Let n(b) = b. Let h be n(1). Let j(g) = 6*g - 2. Let y(u) = -u - 1. Let l(k) = -j(k) + y(k). Determine l(h).
-6
Let l(d) = 3*d**2 - 2*d - 2. Let a = 11 - 9. What is l(a)?
6
Let l(s) = -2*s + s - 5*s. Let k be 3/(3*(-1)/(-3)). Suppose -6 = -3*j - t, 2*j + 4 = k*t - t. Give l(j).
-6
Let l(b) = b + 11. Let w(z) = -7*z**2 - 5 + 0*z**2 - 3 + 9. Let c be w(-1). What is l(c)?
5
Let i(b) = -16*b**3 - 20*b**2 - 31*b - 41. Let x(z) = 4*z**2 + 4 - z + 4 + 7*z + 3*z**3. Let w(y) = -2*i(y) - 11*x(y). Determine w(-4).
10
Let u(t) = t**2 + 6*t + 1. Let m(h) = h. Let x(b) = -5*m(b) + u(b). Suppose -4*z = 4*g + 8, 3*z + 2*z - 4*g = -1. What is x(z)?
1
Let z be (-6)/(-27) + (-70)/(-9). Let d(b) = -4*b**2 + 1 + z*b**2 + b**3 - 5*b**2. Give d(2).
5
Let q(j) be the third derivative of -j**7/840 - j**6/180 + j**5/120 - j**4/24 + 4*j**3/3 + 7*j**2. Let t(w) be the first derivative of q(w). What is t(-3)?
5
Suppose 4*y = y - 4*i - 10, 3*i + 12 = -3*y. Let j(t) = -t**3 - 6*t**2 - 2*t - 8. Give j(y).
4
Let y(x) = 9*x + 1. Let n = -4 - -3. What is y(n)?
-8
Let f(m) = -m**3 - 6*m**2 + 9*m + 6. Let a = -4 - 3. What is f(a)?
-8
Let c(q) be the second derivative of q**4/12 - 5*q**3/6 + 3*q**2/2 + q. Let g be (-8)/10*(-25)/10. Suppose 0 = -4*x + 2*r + 3 + 13, 3*r = -g*x. What is c(x)?
-3
Let q(g) = 7*g**2 + 21*g + 12. Let z(f) = -3*f**2 - 10*f - 7. Let m(s) = -2*q(s) - 5*z(s). Calculate m(-8).
11
Let s(t) be the first derivative of t**5/60 - t**4/8 - t**3 + 3. Let v(b) be the third derivative of s(b). Calculate v(5).
7
Let o(j) = 7*j**3 - 5*j**2 + j + 2. Let s(l) = -6*l**3 + 4*l**2 - l - 2. Let k(a) = -5*o(a) - 6*s(a). Calculate k(0).
2
Suppose 5*r - 5 - 5 = 0. Suppose -r*t = -3*t. Let v(c) = -c**3 + c**2 - 6. Determine v(t).
-6
Let x(s) = 2. Let v(g) = -4*g + 4. Let w(y) = -v(y) + 2*x(y). Let t = -6 - -3. Calculate w(t).
-12
Let b(y) = -y**3 + y**2 - 3. Let r be -3*1/9*0. Give b(r).
-3
Let z(u) = 3*u**3 - 6*u**2 - 2*u + 3. Let b(m) = 11*m**2 - 2*m**3 - 5*m**3 - 2*m**3 + 3*m**3 - 5 + 4*m. Let o(a) = -4*b(a) - 7*z(a). Give o(-1).
-4
Let z be -2*-2*(-3)/4. Let a(w) be the third derivative of -5*w**4/24 - w**3/2 + w**2 + 171*w. Calculate a(z).
12
Let s(v) = v**2 + 7*v - 9. Let o(l) = 1. Let u(f) = -3*o(f) - s(f). Determine u(-6).
12
Let x be (7 + -11)/((-2)/(-1)). Let h(b) = b. Give h(x).
-2
Let f be (-2)/(-4)*84/21. Let y(z) be the second derivative of z + 0 + f*z**2 + 1/3*z**3. What is y(-5)?
-6
Let y(s) = s**3 + 6 + 0 - 3*s**2 - 1 - s**2. Give y(4).
5
Let c(i) = -i + 3 - 6*i**2 + 2*i**3 - 4*i - 3*i**3. Suppose 3*v + 15 = -5*y - 0*v, -v - 12 = 4*y. Let f be 39/(-9) + 2/y. Give c(f).
3
Suppose 3*j - 6*j - 5 = t, 0 = -3*j - 6. Let r(v) = -4*v. Calculate r(t).
-4
Let w(x) = -9*x**3 - 2*x**2 + 1. Let u(s) = s**2 - 10*s - 25. Let q be u(12). What is w(q)?
8
Suppose v + 12 = -v. Let q(m) = m**2 + 7*m - 1. Determine q(v).
-7
Let x(j) = -j**3 - 3*j**2 + 2. Suppose 5*v - v = -12. Let b = -1 - v. Suppose 0*t = -t - b. Determine x(t).
-2
Let z(y) = -y**2 - 4*y + 6. Suppose 5*u + 11 = -19. Calculate z(u).
-6
Let w(y) = -3*y**3 - 2*y**2 + y. Let g = 0 - 1. Let l be g + 0/(-3) + 2. Give w(l).
-4
Let i(y) = y**2 - 8*y + 13. Suppose -3*o - 24 = -t, o - 25 = 6*o. Give i(t).
22
Let y(x) = -x**3 + 4*x**2 - 3*x + 1. Let t = -14 - -33. Let u = -13 + t. Suppose v - 3*v = -u. Calculate y(v).
1
Let j(t) = 2*t + 2. Suppose -4*b - 12 = -5*p + p, 2*b + 4 = 0. Let k(r) = -4*r - 1. Let g be k(p). What is j(g)?
-8
Suppose 3*c + 2*c - 5 = 0. Let x(z) = z**2 - z + 1. Let l(m) be the third derivative of -m**5/60 - m**4/6 - 8*m**2. Let u(d) = c*l(d) + 2*x(d). Determine u(4).
-6
Let a = -6 + 11. Suppose -x + 2*x = -a. Let j(o) = -4*o**3 + 10*o**2 - 7*o - 10. Let d(m) = -m**3 + m**2 - m - 1. Let t(k) = -5*d(k) + j(k). Calculate t(x).
5
Let d(t) be the first derivative of 3 - 1/4*t**4 - t + 5/3*t**3 - 2*t**2. Give d(3).
5
Let l(u) = 2*u**2 + 23*u + 8. Let h(v) = -v**2 - 12*v - 4. Let p(j) = -11*h(j) - 6*l(j). Give p(-4).
4
Let r(u) be the first derivative of u**4/2 + u**3/6 + u**2/2 - 3*u + 2. Let m(h) be the first derivative of r(h). Give m(-1).
6
Suppose 3 - 3 = -19*n. Let l(h) = h**3 + h - 4. Determine l(n).
-4
Suppose 0 = -7*f + 8*f - 5. Let x(n) = n**2 - 3*n - 2. Let o be x(4). Let w(g) = 5*g - 2*g**2 + 6*g**o - 4 - 2 - g**3. What is w(f)?
-6
Let i(r) = -5*r**3 - r**2 - 2*r - 1. Let f be i(-1). Let h(v) = -2*v**2 - 3*v**2 - 4*v + v**3 + 2 + v**2. Calculate h(f).
7
Let s(v) be the first derivative of v**3/6 - v**2 - 2*v - 3. Let z(r) be the first derivative of s(r). Calculate z(2).
0
Let s(t) = 